 be the second derivative of -w**5/20 - w**4/3 - w**3/3 + w**2 - 3*w. Let c be d(-3). Let b(f) = -7*f**3 - 2*f**2 - 2*f - 1. Give b(c).
6
Let c(l) = 3*l + 21. Let o be c(-7). Let a(z) = -z**3 + z**2 + z + 17. What is a(o)?
17
Let o(x) = x**3 - 7*x**2 + 6*x + 4. Suppose -3*f + 5 + 13 = 0. Suppose -24 = -4*j - 3*y, -j + 4*y - 30 = -f*j. Determine o(j).
4
Let i(y) = -y + 1. Let c(m) = 3. Let q(o) = c(o) + i(o). What is q(4)?
0
Let y(z) = -2*z + 2 - 2*z + z**3 + 7 - 7*z**2 + 3*z. What is y(7)?
2
Suppose 7*n = 4*n + 6. Suppose -4*w + s = 10, 4*s - 9 + n = 5*w. Let j(p) = -p + 1. Let y(k) = k - 4. Let x(a) = -2*j(a) - y(a). What is x(w)?
-1
Let r = 54 + -59. Let m(t) = t + 0*t + 1 - t - t. Give m(r).
6
Let n(f) = f + 7. Let v be 4/22 + (-6200)/(-22). Let x be v/(-54) - (-2)/9. Calculate n(x).
2
Let b(d) = -1 - 2*d**2 + 4*d + 4 + 0*d**3 - d**3. Suppose -11 = -5*a + 89. Let j = 18 - a. Determine b(j).
-5
Let j(g) = g + 6. Suppose -6*f + 3*f = 18. What is j(f)?
0
Let r(c) be the third derivative of c**4/24 - c**3/2 - 5*c**2. Give r(3).
0
Let h(p) = p**3 - 5*p**2 - 5*p - 4. Let w(k) = -2*k**3 - 2*k**2 + k. Suppose -6*m + m + 10 = 0. Let x be 6/m - 7 - -2. Let g be w(x). Determine h(g).
2
Let x(b) = -b + 1. Let a = -2 + 8. Let m(g) = 7*g - 1. Let f(u) = a*x(u) + m(u). Determine f(-3).
2
Let n = -1 - -1. Suppose -4*m - 12 = -5*b, 3*m - 26 = -n*m - 5*b. Let v(p) = -4*p - p + p**2 + 4*p - 1 + 4*p. Calculate v(m).
9
Let z(v) = -5*v**2 - 3*v**3 + 2*v**3 - 2 - 17*v - 8*v + 26*v. Give z(-3).
-23
Suppose -2*a + 12 = -0*a. Let b(t) = -t + 9. Determine b(a).
3
Let v(i) = -3*i**3 - 2*i**2 + 7*i - 7. Let u(a) = 2*a**3 + 3*a**2 - 7*a + 7. Let y(j) = -4*u(j) - 3*v(j). Calculate y(5).
3
Suppose 3*a = -4 - 8. Let q(y) = -4*y**3 - 6*y**2 + 2*y + 1. Let j(r) = -5*r**3 - 7*r**2 + 2*r. Let x(g) = -3*j(g) + 4*q(g). Calculate x(a).
12
Let f(i) = 5*i**2 + i. Suppose 11*w = 10*w - 1. What is f(w)?
4
Let r(q) = q**3 + 5*q**2 - 7*q - 8. Let o = 29 - 16. Let s = o + -19. Determine r(s).
-2
Let a(y) = -7*y - 7. Let l(d) = 3*d + 3. Suppose -6*n + n + 15 = 0. Suppose 3*q + 6 = n*t, 2*q = -0*t - 3*t - 14. Let x(b) = t*a(b) - 5*l(b). Calculate x(3).
-4
Let w(z) = -4 - 9 - z - 11 + 31. What is w(5)?
2
Let j(n) = n + 10. Suppose 2*d = 7*d. Suppose u + 0*u = d. What is j(u)?
10
Let i = 27 + -17. Let t = -13 + i. Let v(r) = r**2 + 3*r. What is v(t)?
0
Let c = -1 - -2. Let a be (5/2)/(c/2). Let o(u) = 3*u**3 - 4*u**3 - 2*u**2 + 6*u**2 + 7 - 2*u + u**2. What is o(a)?
-3
Suppose -20 = -i + 6*i. Let y(s) = -s**3 - 5*s**2 - 3*s + 2. Let r be y(i). Let x(v) = v**2 - 1. Let f(h) = 3*h**2 - 4. Let l(t) = -f(t) + 4*x(t). Give l(r).
4
Let r be 11/(-2) - (-2)/4. Let g(b) = -b - 6. Give g(r).
-1
Let p = 2 + -1. Let a be 6/(1/p)*1. Let l(h) = h**2 - 7*h + 9. Determine l(a).
3
Suppose -9*f + 6 - 15 = 0. Let b(z) be the first derivative of -5*z**4/2 - z**3/3 - z**2/2 - z - 1. Calculate b(f).
9
Suppose 5*a = 3 - 13. Let u(o) = -6*o**2 - 2 + 3 + 5*o**2. Calculate u(a).
-3
Let o(i) = -i**3 + i + 3. Let r be o(0). Let g(u) = 1 + u + 0*u + r. Suppose 5*m + 8 = -2. Calculate g(m).
2
Suppose -11 + 2 = -a. Let t(p) = p**2 - 9*p + 2. Calculate t(a).
2
Let p(m) = -2*m**2 - 24*m**3 + 9*m**2 - 7*m + 2 + 23*m**3. What is p(6)?
-4
Let l be 2/4 - (-14)/4. Let y(w) be the third derivative of -w**7/5040 + w**6/180 + w**5/20 - 3*w**2. Let v(r) be the third derivative of y(r). Give v(l).
0
Let y(t) = -28 - t**2 + t**2 + 3*t - t**2 + 27. What is y(2)?
1
Let q = 1 - -1. Suppose 7 = -3*i - q. Let u(d) = -14*d**2 + 2*d - 1. Let k(z) = -5*z**2 + z. Let g(b) = -11*k(b) + 4*u(b). What is g(i)?
-4
Let s(r) be the third derivative of -r**4/24 + r**3/6 - 3*r**2. Let y be s(7). Let j(m) = m + 3. Calculate j(y).
-3
Let v(f) = -3*f**2. Let m be ((-1)/(-4))/(1/4). Let n = 0 - m. Give v(n).
-3
Let w be 3*1 + 0 + 1. Let h(i) = -w*i + i + i + 6. Suppose 0 = -4*n - 1 + 21. Calculate h(n).
-4
Let w(x) be the first derivative of -4 - 4/3*x**3 + 0*x + 1/2*x**2. Suppose -5*i = 7*y - 3*y - 19, 2*y + 5*i = 17. Calculate w(y).
-3
Let a(h) be the first derivative of -3 + 0*h + 1/2*h**2. Calculate a(5).
5
Let y(r) = -r - 2. Let l be y(-4). Let f(u) = -1 + 5*u**2 + 0 + 7*u - u**3 + l - 6. Calculate f(6).
1
Let p(m) = 6*m**2 - 10*m + 1. Let o(s) = s**2 - 9*s - 5. Let b be o(10). Let l(i) = -5*i**2 + 9*i - 2. Let t(h) = b*l(h) + 4*p(h). Calculate t(6).
-12
Let l = -145 + 148. Let n(a) = -a - 2. What is n(l)?
-5
Suppose -20 = g - 6*g. Suppose -5*v + 3*v + g*f = -18, 0 = -3*v - 4*f - 3. Let w(u) = u**3 - 3*u**2 - u + 4. Give w(v).
1
Let h = 3 + 0. Suppose h*j - 11 = 4. Suppose 4 = -j*k + 3*k. Let x(p) = -3*p**2 - 3*p - 2. Give x(k).
-8
Let z(q) = q + 5. Let t be 1 + -1 + 2 + -2. Suppose t = -3*v - v + 20. Suppose -2*d - 35 = v*p, 2*p + 20 = -2*p. Determine z(d).
0
Let l = -10 + 14. Let b(k) = k - l + 4. Suppose -12*a + 17*a = 0. What is b(a)?
0
Let g(h) = 2*h + 3. Let u be g(-3). Let c be (-18)/u + -1 + -3. Let f(d) = d - 2. Give f(c).
0
Let c be ((-2)/5)/((-1)/(-10)). Let n(h) = -h**3 + 1. Let l(r) = -3*r**3 - 3*r**2 + 2*r - 2. Let m(j) = -l(j) + 2*n(j). Calculate m(c).
-4
Let l(d) = -d**2 - 4*d. Let a = -6 - -9. Suppose a*o + 4 = 2*o. Determine l(o).
0
Let k = 22 - 29. Let p(n) = -n**3 - 6*n**2 + 7*n - 3. Calculate p(k).
-3
Suppose -4*c - 3*h - 3 = 0, -c = -3*c + 5*h + 5. Let d(y) be the first derivative of -y**3/3 + y**2/2 - 13*y + 2. Calculate d(c).
-13
Let v be 0 + -3 - (-1 - -1). Let d(f) = 3*f + 6. Let h be d(v). Let z(o) = -o**3 - 5*o**2 - 5*o - 2. Determine z(h).
-5
Let b(d) = -44 + 2*d**2 + 44. Give b(1).
2
Let p = -13 - -9. Let j(s) = -2*s - 5. Give j(p).
3
Let a be (1 + (-3 - -6))/(-2). Let v be 1 - ((1 - 0) + a). Let k(f) = 0*f + 0*f - 4*f. What is k(v)?
-8
Let y(r) = 1 + 4*r - r**2 - 2 + 6 - 2. Calculate y(6).
-9
Let s(k) = k**2 - 5*k - 4. Suppose 0 = -2*a - 5*t - 0 + 23, -2*a + 58 = -2*t. Suppose 0 = 4*o - 0*o - a. Give s(o).
2
Suppose -2*v + 8*v - 24 = 0. Let g(n) be the second derivative of -1/6*n**v - 1/6*n**3 + 0 + 0*n**2 + 4*n. What is g(1)?
-3
Suppose 3 = -d + 2. Let v(m) be the third derivative of -m**6/20 + m**5/60 + m**4/12 + m**3/6 + 4*m**2. Give v(d).
6
Let t(d) be the first derivative of -d**3/3 + 3*d**2 + 2*d - 10. What is t(7)?
-5
Let t(j) = 0*j + j + 15 - 17. Give t(6).
4
Let v be 4 - 2/(-4)*-6. Let g(i) = 1 + 6*i + 2*i - 2*i. Calculate g(v).
7
Let h = 0 + 0. Let u(i) = i**2 + 1. Let k(l) = l + 5 - 1 + 4. Let b(v) = k(v) - u(v). What is b(h)?
7
Let y be (-8)/(-2 - -4) - 1*-1. Let n(k) = -k**3 - k**2 + 3*k + 2. Calculate n(y).
11
Let m(t) be the second derivative of 1/20*t**5 + 0 - 1/2*t**4 + 2*t**2 + 1/2*t**3 - 2*t. Suppose -g = -3*j + 1, 5*g - 2*j = 2*g + 11. What is m(g)?
-6
Let d(x) = x. Let o(r) = -4*r - 4. Let g(t) = 3*d(t) + o(t). Calculate g(-4).
0
Let u be ((-6)/(-9))/(2/15). Let h(z) = z - 8. Let g be h(8). Let w(q) = q**2 + g*q - 2 + 0*q - 6*q. What is w(u)?
-7
Let h(z) be the third derivative of 0*z + 1/24*z**4 + 0 - 7/6*z**3 - z**2. Determine h(4).
-3
Let l(z) = 2*z**2 - 1. Let m(c) = -2*c**2 - 5*c**3 - 1 + 3*c**3 - 3*c**2 + 3*c**3. Let y = 8 - 3. Let k be m(y). Calculate l(k).
1
Let z(j) = -5*j**3 - 10*j**2 - 5*j + 2. Let w(l) = -2*l**3 - 5*l**2 - 3*l + 1. Let i(t) = -7*w(t) + 3*z(t). Give i(6).
-1
Let s(n) = -5*n**3 + 3*n**2 - 12*n + 8. Let k(t) = 3*t**3 - 2*t**2 + 8*t - 5. Let x(y) = -8*k(y) - 5*s(y). Give x(-3).
-6
Let z(x) be the second derivative of -x**4/12 - x**3/2 - x**2/2 + x. Suppose 0 = 3*c + 1 - 16. Suppose 5*h = c, 0 = -4*v - 0*h - h - 15. Give z(v).
-5
Let b(u) = -4 + 4*u - 1 + 4 + 3*u. Determine b(1).
6
Let b(u) = -20 + u**2 - 4*u - 20 + 34. Determine b(6).
6
Let u(s) = s**2 - 7*s. Let t be u(6). Let h(r) = 3*r**3 + 0*r + 9 - 4*r**3 - 5*r - 4 - 7*r**2. Calculate h(t).
-1
Suppose -28 - 88 = -4*n. Suppose l - n = -5*y, -3*l = -2*y + 3 - 5. Suppose 4*t + 5*j = -14, -4*t + 0*j + 6 = -y*j. Let h(o) = -8*o - 1. Calculate h(t).
7
Let t(v) = v**3 + 4*v**2 + 3*v - 1. Suppose 4*x - x = -4*c - 9, 4*c + 5*x + 7 = 0. Give t(c).
-1
Let q(g) = 231 + 5*g - 236 - 4*g. Determine q(4).
-1
Let t(z) = -9*z**3 + 2*z**2 + 4*z + 5. Let g(w) = -8*w**3 + w**2 + 3*w + 4. Let l(v) = -4*g(v) + 3*t(v). Determine l(1).
6
Let n(g) = 6*g + 4. Let b(k) = 5*k + 3. Let z(j) = -5*b(j) + 4*n(j). Calculate z(6).
-5
Let t(v) = 3*v 